y(z) = -307*z + 107947. Give y(352).
-117
Let m(q) = q**2 + 272*q - 19163. Determine m(-331).
366
Let i(h) = -2*h**3 + 179*h**2 - 2570*h - 65. Give i(18).
7
Let v(j) = 113*j**2 + 27004*j - 952. Calculate v(-239).
-235
Let n(x) = 16*x**3 - 62*x**2 - 27*x + 58. What is n(4)?
-18
Let j(c) = 286*c**2 + 11931*c + 8410. What is j(-41)?
5
Let h(y) = -y**2 + 25102*y - 9661994. Calculate h(391).
7
Let p(d) = 2*d**2 - 97*d + 786. Give p(35).
-159
Let i(z) = z**3 + 63*z**2 + 582*z + 13674. Give i(-57).
-6
Let t(i) = -6*i**3 + 94*i**2 - 171*i - 58. Determine t(15).
-1723
Let n(x) = -4*x**2 - 192*x + 575. Determine n(3).
-37
Let f(h) = h**2 - 1181*h - 120859. What is f(-94)?
-1009
Let d(n) = 16*n**2 + 2067*n - 3807. Determine d(-131).
-8
Let h(q) = 197*q**2 + 131*q - 523. Determine h(-2).
3
Let k(m) = -561*m**3 - 69*m**2 - 66*m + 4. Calculate k(-1).
562
Let k(d) = -173*d**2 + 30637*d - 2830. Give k(177).
2
Let y(v) = -13762*v - 137553. What is y(-10)?
67
Let k(l) = 441*l**2 - 29*l + 50. Calculate k(2).
1756
Let y(n) = 6*n**3 - 26*n**2 - 430*n + 948. Determine y(2).
32
Let r(p) = p**2 - 65300*p + 848738. Calculate r(13).
7
Let f(r) = -164*r + 37274. Determine f(228).
-118
Let v(m) = -43*m**2 + 42557*m - 29668. Give v(989).
2
Let s(z) = -2*z**3 + 66*z**2 - 3222*z + 96036. Give s(31).
-2
Let i(b) = 97*b + 7565. Determine i(-81).
-292
Let u(m) = -m**3 + 342*m**2 + 2*m + 83. Calculate u(0).
83
Let o(u) = 3*u**2 + 222*u + 135. Determine o(-75).
360
Let i(d) = -55*d**3 + 2639*d**2 + 127*d - 3792. Determine i(48).
0
Let t(x) = 596*x + 18424. Calculate t(-31).
-52
Let w(u) = -12440*u + 422919. Calculate w(34).
-41
Let g(y) = 2734*y**2 - 117569*y + 300. Determine g(43).
-1
Let l(q) = -8463*q + 380767. Determine l(45).
-68
Let t(x) = x**2 + 239*x + 2590. Calculate t(-12).
-134
Let r(v) = -2*v**2 + 35*v + 263. What is r(10)?
413
Let f(k) = -19*k**3 - 98*k**2 + 16*k + 100. What is f(-5)?
-55
Let i(k) = -398530*k - 4383842. What is i(-11)?
-12
Let a(d) = d**3 + 26*d**2 - 1007*d - 27. Give a(0).
-27
Let m(s) = 9955*s + 89849. Calculate m(-9).
254
Let r(x) = 2977*x - 5516379. Give r(1853).
2
Let h(v) = 887*v - 11504. Calculate h(12).
-860
Let g(f) = -4*f**3 - 81*f**2 - 41*f - 8. Give g(-20).
412
Let d(y) = -1152*y**2 + 1120*y + 52. Determine d(1).
20
Let c(f) = f**3 - 22*f**2 - 574*f + 703. Determine c(37).
0
Let i(a) = -6531*a - 646551. Determine i(-99).
18
Let b(l) = 74*l**2 - 20946*l + 1101. Calculate b(283).
-31
Let m(u) = 37*u - 1282. What is m(76)?
1530
Let r(m) = -m**2 - 18163*m - 471575. Calculate r(-26).
-13
Let r(t) = 93*t**3 - 570*t**2 + 304*t - 1392. Calculate r(6).
0
Let i(a) = a**3 - 2*a**2 + 20454*a + 85. What is i(0)?
85
Let i(a) = -303*a + 12752. Give i(42).
26
Let w(k) = -2*k**2 + 743*k - 26544. Calculate w(40).
-24
Let h(t) = 62187*t + 62202. Determine h(-1).
15
Let l(f) = -10559*f - 73948. What is l(-7)?
-35
Let s(j) = 4909*j - 23317. Give s(5).
1228
Let o(y) = 4*y**2 - 240*y - 8125. Calculate o(-24).
-61
Let i(c) = 45*c - 1662. What is i(-25)?
-2787
Let j(o) = 72*o**2 - 1746*o - 10478. Give j(-6).
2590
Let z(s) = -3*s**3 - 70*s**2 + 84*s - 187. Give z(-24).
-1051
Let d(l) = -171860*l + 3609067. Determine d(21).
7
Let u(p) = 305*p - 46496. Calculate u(152).
-136
Let y(a) = -a**3 + 35*a**2 + 187*a - 9544. Give y(31).
97
Let c(j) = -323*j**2 + 1298*j - 2627. Give c(2).
-1323
Let u(o) = -o**3 + 67*o**2 - 551*o + 1712. Calculate u(58).
30
Let m(k) = 7*k**2 + 1234*k + 50071. Determine m(-113).
12
Let k(o) = -1036*o - 8614. Calculate k(-7).
-1362
Let m(j) = j**3 + 229*j**2 - 15619*j + 228. Give m(-284).
-56
Let t(h) = h**2 + 297*h + 12423. Determine t(-233).
-2489
Let k(s) = -326*s**2 - 55096*s - 345. What is k(-169)?
-7
Let x(w) = 2*w**3 + 61*w**2 + 512*w + 1071. Give x(-18).
-45
Let c(w) = 439*w + 75803. What is c(-173)?
-144
Let g(q) = -q**2 - 3888*q - 38795. What is g(-10)?
-15
Let a(u) = -3*u**3 - 14*u**2 + 6295*u + 31444. What is a(-5)?
-6
Let m(x) = 7*x**3 + 23*x**2 - 306*x + 86. Determine m(5).
6
Let m(y) = 15*y**3 - 195*y**2 - 28*y + 488. What is m(11)?
-3450
Let k(v) = v**3 + 111*v**2 + 17571*v + 2011083. Give k(-113).
22
Let d(r) = r**3 - 19*r**2 - 1400*r - 43. Determine d(48).
-427
Let u(l) = 123*l - 3828. Determine u(32).
108
Let t(x) = 105*x + 5907. Give t(-54).
237
Let s(m) = m**3 - 331*m**2 - 55*m + 18065. Give s(331).
-140
Let v(d) = -14048*d - 56546. What is v(-4)?
-354
Let q(l) = 5780*l - 676085. What is q(117)?
175
Let d(n) = -2356*n - 42467. Give d(-18).
-59
Let t(s) = 2*s**2 + 79*s + 4. Give t(-41).
127
Let b(o) = -7*o**2 + 102*o + 7861. Give b(-27).
4
Let v(i) = -18*i**3 - 7*i**2 + 32*i - 2. Determine v(3).
-455
Let s(v) = -18*v - 685. Determine s(-15).
-415
Let k(u) = 5*u**3 - 143*u**2 - 1339*u + 215. Calculate k(36).
-37
Let x(b) = -2512*b + 432065. Give x(172).
1
Let t(r) = -r**3 + 42*r**2 - 210*r - 934. Determine t(29).
3909
Let n(d) = 28877*d + 4533699. What is n(-157)?
10
Let r(d) = d**3 + 5*d**2 - 163*d - 616. Determine r(-14).
-98
Let g(k) = k**3 + 27*k**2 - 5363*k + 23. Give g(61).
328
Let f(i) = -3*i**3 + 145*i**2 + 106*i + 616. Determine f(49).
1008
Let b(q) = q**3 + 16*q**2 + 10*q - 2. Give b(0).
-2
Let n(r) = -2*r**2 + 59981*r + 960197. Determine n(-16).
-11
Let s(x) = 2995*x + 4808. Determine s(-3).
-4177
Let k(r) = -r**3 - 39*r**2 + 5691*r - 373. Determine k(-97).
-6678
Let y(i) = 5*i**2 - 61*i - 602. Give y(19).
44
Let s(q) = -q**2 - 354*q - 1822. What is s(-5)?
-77
Let p(l) = -30*l**2 - 1306*l - 481. Give p(-43).
207
Let l(x) = 136*x - 692. What is l(31)?
3524
Let w(k) = -2*k**3 + 1311*k**2 + 640*k + 10478. What is w(656)?
-18
Let f(o) = 2*o**3 - 8469*o**2 - 480535*o + 62. Determine f(-56).
6
Let g(t) = t**3 - 13*t**2 - 1325*t + 17896. What is g(36)?
4
Let d(f) = 319*f**2 - 4467*f + 86. What is d(14)?
72
Let j(l) = 4*l + 908. Determine j(-182).
180
Let k(w) = -w**3 - 2*w**2 - 399*w + 3037. Calculate k(7).
-197
Let r(d) = -21969*d - 87797. What is r(-4)?
79
Let k(c) = c**2 - 568*c + 12629. Determine k(23).
94
Let n(f) = 10381*f - 62180. Calculate n(6).
106
Let w(i) = -6*i**3 + 79*i**2 + 42*i - 784. Determine w(13).
-69
Let u(r) = 5*r**2 + 5*r - 385. Calculate u(8).
-25
Let c(t) = -5*t**2 - 1425*t + 8736. Determine c(6).
6
Let z(k) = k**2 - 3535*k - 46038. Give z(-13).
86
Let x(f) = -807*f - 64760. What is x(-80)?
-200
Let w(n) = 25*n + 1311. What is w(-106)?
-1339
Let x(d) = 2648*d - 463406. What is x(175)?
-6
Let v(g) = g**3 - 396*g**2 + 1292*g - 44415. Determine v(393).
-6
Let d(l) = -5*l**3 - 767*l**2 - 302*l + 626. Give d(-153).
14
Let y(x) = 4143348*x + 16573391. Determine y(-4).
-1
Let d(t) = 7693*t + 133. Give d(0).
133
Let h(l) = l**2 - 65661*l - 196975. What is h(-3)?
17
Let l(d) = 6*d**3 + 398*d**2 + 132*d + 43. Give l(-66).
43
Let n(k) = 2*k**2 + 2607*k + 573229. What is n(-280)?
69
Let q(p) = -2*p**3 + 16*p**2 + 512*p - 4463. Calculate q(9).
-17
Let c(y) = -y**2 - 114*y - 3745. What is c(-121)?
-4592
Let q(v) = -1605*v - 152461. Give q(-95).
14
Let j(t) = -68702*t - 206107. What is j(-3)?
-1
Let s(m) = 26*m**3 + 390*m**2 + 54*m + 807. Determine s(-15).
-3
Let g(l) = -11*l**2 - 147*l - 364. Calculate g(-10).
6
Let w(n) = -177*n - 2766. Determine w(-15).
-111
Let k(q) = 26740*q - 561548. Calculate k(21).
-8
Let m(x) = -9*x**2 - 70*x - 52. Calculate m(-10).
-252
Let t(g) = g**3 - 64*g**2 + 559*g - 1073. Give t(7).
47
Let u(f) = 924*f + 329987. Give u(-357).
119
Let m(k) = k**3 - 75*k**2 - 333*k + 1714. What is m(79)?
371
Let d(b) = -3*b**3 + 151*b**2 - 695*b + 83. Give d(5).
8
Let m(b) = 2*b**3 - 116*b**2 - 170*b + 3037. What is m(59)?
-31
Let f(l) = l**2 + 9872*l + 695867. Determine f(-71).
-4
Let n(w) = -43*w**2 - 216*w - 6. Give n(-5).
-1
Let w(t) = -17*t**3 + 669*t**2 - 238*t + 64. Determine w(39).
-92
Let w(l) = l**3 - 81*l**2 - 1435*l + 73. Determine w(-15).
-2
Let z(g) = -2*g**3 - 1748*g**2 - 2668*g - 804906. Calculate z(-873).
0
Let q(d) = 4*d**2 + 239260*d + 478510. Give q(-2).
6
Let q(d) = -d**3 + 7*d**2 - 1465*d - 10935. What is q(-7)?
6
Let p(f) = -f**3 + 77*f**2 - 84*f + 84. Give p(76).
-524
Let j(r) = -813*r + 54371. Calculate j(65).
1526
Let n(z) = -358*z**2 - 7408*z - 86. Calculate n(-21).
-2396
Let v(l) = 109*l**2 + 13*l - 133. Determine v(2).
329
Let y(z) = 8*z**3 + 126*z**2 + 96*z + 7574